98.
2, 83, 503
What are the prime factors of 3829?
7, 547
List the prime factors of 105177.
3, 35059
What are the prime factors of 1954?
2, 977
What are the prime factors of 23339?
23339
What are the prime factors of 29109?
3, 31, 313
What are the prime factors of 6754?
2, 11, 307
List the prime factors of 12084.
2, 3, 19, 53
List the prime factors of 25227.
3, 2803
What are the prime factors of 2647?
2647
List the prime factors of 3303.
3, 367
What are the prime factors of 12061?
7, 1723
List the prime factors of 743.
743
List the prime factors of 401.
401
List the prime factors of 923.
13, 71
What are the prime factors of 598?
2, 13, 23
What are the prime factors of 20845?
5, 11, 379
List the prime factors of 78879.
3, 26293
List the prime factors of 424.
2, 53
List the prime factors of 335.
5, 67
List the prime factors of 5171.
5171
What are the prime factors of 6247?
6247
What are the prime factors of 1494?
2, 3, 83
List the prime factors of 1194.
2, 3, 199
List the prime factors of 3172.
2, 13, 61
List the prime factors of 5169.
3, 1723
What are the prime factors of 4814?
2, 29, 83
What are the prime factors of 62275?
5, 47, 53
What are the prime factors of 4707?
3, 523
What are the prime factors of 2530?
2, 5, 11, 23
What are the prime factors of 105177?
3, 35059
What are the prime factors of 75521?
75521
What are the prime factors of 3606?
2, 3, 601
List the prime factors of 19243.
7, 2749
List the prime factors of 975.
3, 5, 13
List the prime factors of 32908.
2, 19, 433
What are the prime factors of 148600?
2, 5, 743
List the prime factors of 8626.
2, 19, 227
What are the prime factors of 91113?
3, 11, 251
What are the prime factors of 5910?
2, 3, 5, 197
List the prime factors of 13798.
2, 6899
List the prime factors of 517.
11, 47
What are the prime factors of 1966?
2, 983
List the prime factors of 2189.
11, 199
What are the prime factors of 866?
2, 433
What are the prime factors of 53849?
53849
What are the prime factors of 788?
2, 197
List the prime factors of 295.
5, 59
List the prime factors of 214.
2, 107
What are the prime factors of 6420?
2, 3, 5, 107
What are the prime factors of 2376?
2, 3, 11
What are the prime factors of 15012?
2, 3, 139
List the prime factors of 2841.
3, 947
What are the prime factors of 159130?
2, 5, 15913
List the prime factors of 2053.
2053
What are the prime factors of 1829?
31, 59
List the prime factors of 103818.
2, 3, 11, 13
List the prime factors of 13086.
2, 3, 727
What are the prime factors of 6328?
2, 7, 113
What are the prime factors of 3266?
2, 23, 71
What are the prime factors of 914?
2, 457
What are the prime factors of 199?
199
List the prime factors of 9568.
2, 13, 23
List the prime factors of 10876.
2, 2719
List the prime factors of 667.
23, 29
What are the prime factors of 2666?
2, 31, 43
What are the prime factors of 97752?
2, 3, 4073
List the prime factors of 2481.
3, 827
What are the prime factors of 6981?
3, 13, 179
What are the prime factors of 54212?
2, 13553
List the prime factors of 376.
2, 47
What are the prime factors of 6985?
5, 11, 127
List the prime factors of 105035.
5, 7, 3001
List the prime factors of 142.
2, 71
List the prime factors of 849.
3, 283
What are the prime factors of 10688?
2, 167
What are the prime factors of 842?
2, 421
List the prime factors of 3363.
3, 19, 59
What are the prime factors of 4527?
3, 503
What are the prime factors of 2428?
2, 607
List the prime factors of 1279.
1279
What are the prime factors of 22238?
2, 11119
List the prime factors of 7117.
11, 647
List the prime factors of 969.
3, 17, 19
List the prime factors of 1827.
3, 7, 29
What are the prime factors of 10381?
7, 1483
What are the prime factors of 2523?
3, 29
List the prime factors of 13106.
2, 6553
What are the prime factors of 821?
821
What are the prime factors of 23043?
3, 7681
What are the prime factors of 52566?
2, 3, 8761
List the prime factors of 606.
2, 3, 101
What are the prime factors of 803?
11, 73
List the prime factors of 7980.
2, 3, 5, 7, 19
List the prime factors of 65.
5, 13
List the prime factors of 2365.
5, 11, 43
What are the prime factors of 522?
2, 3, 29
List the prime factors of 3554.
2, 1777
What are the prime factors of 99042?
2, 3, 17, 971
What are the prime factors of 8397?
3, 311
List the prime factors of 489.
3, 163
What are the prime factors of 2496?
2, 3, 13
List the prime factors of 8160.
2, 3, 5, 17
List the prime factors of 8653.
17, 509
List the prime factors of 47822.
2, 23911
List the prime factors of 142172.
2, 35543
List the prime factors of 3935.
5, 787
List the prime factors of 2031.
3, 677
List the prime factors of 2570.
2, 5, 257
List the prime factors of 12863.
19, 677
What are the prime factors of 4163?
23, 181
What are the prime factors of 930?
2, 3, 5, 31
What are the prime factors of 1254?
2, 3, 11, 19
List the prime factors of 66334.
2, 17, 1951
List the prime factors of 95367.
3, 83, 383
What are the prime factors of 26968?
2, 3371
List the prime factors of 40396.
2, 10099
What are the prime factors of 12930?
2, 3, 5, 431
List the prime factors of 38327.
38327
What are the prime factors of 2103?
3, 701
What are the prime factors of 4184?
2, 523
List the prime factors of 1617.
3, 7, 11
List the prime factors of 4582.
2, 29, 79
List the prime factors of 3769.
3769
What are the prime factors of 33910?
2, 5, 3391
List the prime factors of 2214.
2, 3, 41
List the prime factors of 18214.
2, 7, 1301
List the prime factors of 4126.
2, 2063
What are the prime factors of 54776?
2, 41, 167
What are the prime factors of 21749?
7, 13, 239
List the prime factors of 81984.
2, 3, 7, 61
List the prime factors of 10674.
2, 3, 593
What are the prime factors of 26363?
41, 643
What are the prime factors of 2040?
2, 3, 5, 17
What are the prime factors of 2212?
2, 7, 79
What are the prime factors of 66009?
3, 22003
What are the prime factors of 114168?
2, 3, 67, 71
What are the prime factors of 4187?
53, 79
List the prime factors of 98899.
98899
What are the prime factors of 2091?
3, 17, 41
List the prime factors of 59861.
31, 1931
List the prime factors of 390.
2, 3, 5, 13
What are the prime factors of 7901?
7901
List the prime factors of 1230.
2, 3, 5, 41
List the prime factors of 2840.
2, 5, 71
What are the prime factors of 14?
2, 7
List the prime factors of 63514.
2, 11, 2887
List the prime factors of 918.
2, 3, 17
List the prime factors of 3675.
3, 5, 7
What are the prime factors of 2045?
5, 409
What are the prime factors of 702?
2, 3, 13
List the prime factors of 19794.
2, 3, 3299
List the prime factors of 12329.
12329
List the prime factors of 11677.
11677
What are the prime factors of 1553?
1553
What are the prime factors of 31865?
5, 6373
What are the prime factors of 20814?
2, 3, 3469
What are the prime factors of 314?
2, 157
List the prime factors of 2914.
2, 31, 47
List the prime factors of 7594.
2, 3797
List the prime factors of 6513.
3, 13, 167
List the prime factors of 355.
5, 71
List the prime factors of 969.
3, 17, 19
What are the prime factors of 5298?
2, 3, 883
List the prime factors of 4144.
2, 7, 37
List the prime factors of 2648.
2, 331
List the prime factors of 26812.
2, 6703
What are the prime factors of 1292?
2, 17, 19
List the prime factors of 909.
3, 101
What are the prime factors of 34886?
2, 17443
List the prime factors of 2268.
2, 3, 7
What are the prime factors of 164?
2, 41
List the prime factors of 6747.
3, 13, 173
What are the prime factors of 2120?
2, 5, 53
What are the prime factors of 101060?
2, 5, 31, 163
List the prime factors of 2311.
2311
What are the prime factors of 5130?
2, 3, 5, 19
What are the prime factors of 12868?
2, 3217
List the prime factors of 1794.
2, 3, 13, 23
What are the prime factors of 1349?
19, 71
List the prime factors of 3025.
5, 11
List the prime factors of 2327.
13, 179
List the prime factors of 814.
2, 11, 37
List the prime factors of 4720.
2, 5, 59
List the prime factors of 499.
499
List the prime factors of 46833.
3, 67, 233
List the prime factors of 34354.
2, 89, 193
List the prime factors of 1873.
1873
What are the prime factors of 16061?
16061
List the prime factors of 73.
73
List the prime factors of 14817.
3, 11, 449
What are the prime factors of 3418?
2, 1709
List the prime factors